{"id":110,"date":"2023-10-03T13:01:27","date_gmt":"2023-10-03T11:01:27","guid":{"rendered":"https:\/\/www.diocesidinuoro.it\/percorsidigrazia\/?page_id=110"},"modified":"2023-11-23T10:21:52","modified_gmt":"2023-11-23T09:21:52","slug":"natura","status":"publish","type":"page","link":"https:\/\/www.diocesidinuoro.it\/percorsidigrazia\/galtelli\/natura\/","title":{"rendered":"Galtell\u00ec &#8211; Natura"},"content":{"rendered":"<div id=\"pl-110\"  class=\"panel-layout\" ><div id=\"pg-110-0\"  class=\"panel-grid panel-has-style\" ><div class=\"row grid-x panel-row-style panel-row-style-for-110-0\" ><div id=\"pgc-110-0-0\"  class=\"panel-grid-cell cell columns small-12 medium-12\" ><div id=\"panel-110-0-0-0\" class=\"so-panel widget widget_sow-editor panel-first-child\" data-index=\"0\" ><div style=\";background-repeat:repeat;\" class=\"panel-widget-style panel-widget-style-for-110-0-0-0\" ><div\n\t\t\t\n\t\t\tclass=\"so-widget-sow-editor so-widget-sow-editor-base\"\n\t\t\t\n\t\t>\n<div class=\"siteorigin-widget-tinymce textwidget\">\n\t<h3><b>Galtell\u00ec<\/b><\/h3>\n<h4><strong>Natura<\/strong><\/h4>\n<p><span style=\"font-weight: 400\">\u00a0<\/span><\/p>\n<p><span style=\"font-weight: 400\">Galtell\u00ec, nascendo tra il Cedrino e il monte Tuttavista, offre una grande variet\u00e0 di habitat, dalla pianura al fiume, dalla campagna alla montagna. Questa variet\u00e0 di habitat ha permesso lo sviluppo di una ricca biodiversit\u00e0 di mammiferi e uccelli.<\/span><\/p>\n<p><span style=\"font-weight: 400\">Nella pianura, \u00e8 possibile trovare specie di fiume come la <\/span><i><span style=\"font-weight: 400\">gallinella d'acqua<\/span><\/i><span style=\"font-weight: 400\">, la <\/span><i><span style=\"font-weight: 400\">folaga<\/span><\/i><span style=\"font-weight: 400\"> e il<\/span><i><span style=\"font-weight: 400\"> pollo sultano<\/span><\/i><span style=\"font-weight: 400\">, che \u00e8 la specie pi\u00f9 protetta in Europa. Nella terra ferma, \u00e8 possibile trovare la <\/span><i><span style=\"font-weight: 400\">pernice<\/span><\/i><span style=\"font-weight: 400\">, la <\/span><i><span style=\"font-weight: 400\">lepre<\/span><\/i><span style=\"font-weight: 400\">, la <\/span><i><span style=\"font-weight: 400\">poiana<\/span><\/i><span style=\"font-weight: 400\"> e il <\/span><i><span style=\"font-weight: 400\">gheppio<\/span><\/i><span style=\"font-weight: 400\">. Salendo verso la montagna, \u00e8 possibile trovare la macchia mediterranea, dove vivono gli uccelli silvani, le <\/span><i><span style=\"font-weight: 400\">ghiandaie<\/span><\/i><span style=\"font-weight: 400\">, i <\/span><i><span style=\"font-weight: 400\">colombacci<\/span><\/i><span style=\"font-weight: 400\">, la <\/span><i><span style=\"font-weight: 400\">martora<\/span><\/i><span style=\"font-weight: 400\">, la <\/span><i><span style=\"font-weight: 400\">volpe<\/span><\/i><span style=\"font-weight: 400\">, lo<\/span><i><span style=\"font-weight: 400\"> sparviero<\/span><\/i><span style=\"font-weight: 400\"> e l'<\/span><i><span style=\"font-weight: 400\">astore<\/span><\/i><span style=\"font-weight: 400\">. In alto, a causa della mancanza d'acqua, non \u00e8 presente il muflone, ma \u00e8 possibile trovare l'<\/span><i><span style=\"font-weight: 400\">aquila<\/span><\/i><span style=\"font-weight: 400\">, che storicamente ha nidificato in questa zona. \u00c8 presente anche il <\/span><i><span style=\"font-weight: 400\">falco pellegrino<\/span><\/i><span style=\"font-weight: 400\">, il rapace pi\u00f9 legato alla montagna. Man mano che si sale, \u00e8 possibile trovare il <\/span><i><span style=\"font-weight: 400\">cinghiale<\/span><\/i><span style=\"font-weight: 400\">. Un tempo erano presenti anche i conigli, ma non \u00e8 chiaro se siano ancora presenti oggi. <\/span><span style=\"font-weight: 400\"><br \/>\n<\/span><span style=\"font-weight: 400\"><br \/>\n<\/span><span style=\"font-weight: 400\">Il massiccio calcareo del Tuttavista, con i suoi 806 metri, rappresenta il ramo pi\u00f9 settentrionale del complesso del Supramonte. Il massiccio presenta una morfologia aspra, ricca di grotte e cavit\u00e0 carsiche. La vegetazione \u00e8 dominata dalla macchia mediterranea a leccio, ginepro, corbezzolo e olivastro, ma soprattutto da specie endemiche come la palma nana (Chamaerops humilis), il Crocus minimus, la Centaurea filiformis (endemismo sardo esclusivo del calcari della Sardegna occidentale), la Polygala sardoa, la Campanula forythii, (endemismo delle zone montane e submontane della Sardegna centro- settentrionale), l\u2019 Euphorbia spinosa, la Lactuca longidentata , e varie altre. Numerose sono le orchidee, di cui sono state censite 32 specie, che rappresentano il 60% dell\u2019intero contingente presente in Sardegna, tra cui: Orchis brancifortii, endemica della Sardegna e della Sicilia, Orchis mascula ichnusae, endemismo sardo delle montagne calcaree del versante centro-occidentale e sud-occidentale, Orchis morisii, esclusiva della Sardegna e della Corsica.<\/span><\/p>\n<p><span style=\"font-weight: 400\">La fauna \u00e8 ricca di cinghiali, volpi, donnole e martore. Tra gli uccelli si possono avvistare esemplari di corvo imperiale, gheppio, gruccione, pernici e poiane. Inoltre, sono presenti falco grillaio, poiana, falco pellegrino, variet\u00e0 mediterranea meridionale che nidifica sul Monte Tuttavista, ghiandaia, tortora, occhiocotto e saltimpalo, pernice sarda, taccola. Numerose sono le specie endemiche che vivono nelle cavit\u00e0 carsiche quali artropodi come lo pseudoscorpione Microcreagris (Acanthocreagris) sardoa, insetti come i coleotteri carabidi Speomolops sardous e Sardaphaenops supramontanus, e anfibi come il geotritone (Speleomantes supramontis).\u00a0<\/span><\/p>\n<\/div>\n<\/div><\/div><\/div><div id=\"panel-110-0-0-1\" class=\"so-panel widget widget_sow-slider panel-last-child\" data-index=\"1\" ><div style=\";background-repeat:repeat;\" class=\"panel-widget-style panel-widget-style-for-110-0-0-1\" ><div\n\t\t\t\n\t\t\tclass=\"so-widget-sow-slider so-widget-sow-slider-default-6d39609536fd-110\"\n\t\t\t\n\t\t>\t\t\t\t<div class=\"sow-slider-base\" style=\"display: none\" tabindex=\"0\">\n\t\t\t\t\t<ul\n\t\t\t\t\tclass=\"sow-slider-images\"\n\t\t\t\t\tdata-settings=\"{&quot;pagination&quot;:true,&quot;speed&quot;:800,&quot;timeout&quot;:8000,&quot;paused&quot;:false,&quot;pause_on_hover&quot;:false,&quot;swipe&quot;:true,&quot;nav_always_show_desktop&quot;:&quot;&quot;,&quot;nav_always_show_mobile&quot;:&quot;&quot;,&quot;breakpoint&quot;:&quot;780px&quot;,&quot;unmute&quot;:false,&quot;anchor&quot;:null}\"\n\t\t\t\t\t\t\t\t\t\tdata-anchor-id=\"\"\n\t\t\t\t>\t\t<li class=\"sow-slider-image\" style=\"visibility: visible;\" >\n\t\t\t\t\t\t<img loading=\"lazy\" decoding=\"async\" width=\"2560\" height=\"1707\" src=\"https:\/\/www.diocesidinuoro.it\/percorsidigrazia\/wp-content\/uploads\/sites\/17\/2023\/10\/DSC_0019-scaled.jpg\" class=\"sow-slider-background-image\" alt=\"Galtell\u00ec_Percorsi di Grazia\" style=\"\" srcset=\"https:\/\/www.diocesidinuoro.it\/percorsidigrazia\/wp-content\/uploads\/sites\/17\/2023\/10\/DSC_0019-scaled.jpg 2560w, https:\/\/www.diocesidinuoro.it\/percorsidigrazia\/wp-content\/uploads\/sites\/17\/2023\/10\/DSC_0019-300x200.jpg 300w, https:\/\/www.diocesidinuoro.it\/percorsidigrazia\/wp-content\/uploads\/sites\/17\/2023\/10\/DSC_0019-1024x683.jpg 1024w, https:\/\/www.diocesidinuoro.it\/percorsidigrazia\/wp-content\/uploads\/sites\/17\/2023\/10\/DSC_0019-768x512.jpg 768w, https:\/\/www.diocesidinuoro.it\/percorsidigrazia\/wp-content\/uploads\/sites\/17\/2023\/10\/DSC_0019-1536x1024.jpg 1536w, https:\/\/www.diocesidinuoro.it\/percorsidigrazia\/wp-content\/uploads\/sites\/17\/2023\/10\/DSC_0019-2048x1365.jpg 2048w, https:\/\/www.diocesidinuoro.it\/percorsidigrazia\/wp-content\/uploads\/sites\/17\/2023\/10\/DSC_0019-600x400.jpg 600w, https:\/\/www.diocesidinuoro.it\/percorsidigrazia\/wp-content\/uploads\/sites\/17\/2023\/10\/DSC_0019-1200x800.jpg 1200w, https:\/\/www.diocesidinuoro.it\/percorsidigrazia\/wp-content\/uploads\/sites\/17\/2023\/10\/DSC_0019-800x533.jpg 800w, https:\/\/www.diocesidinuoro.it\/percorsidigrazia\/wp-content\/uploads\/sites\/17\/2023\/10\/DSC_0019-272x182.jpg 272w\" sizes=\"(max-width: 2560px) 100vw, 2560px\" \/>\t\t<\/li>\n\t\t\t\t<li class=\"sow-slider-image\" style=\"visibility: hidden;\" >\n\t\t\t\t\t\t<img loading=\"lazy\" decoding=\"async\" width=\"2560\" height=\"1707\" src=\"https:\/\/www.diocesidinuoro.it\/percorsidigrazia\/wp-content\/uploads\/sites\/17\/2023\/10\/DSC_0384-1-scaled.jpg\" class=\"sow-slider-background-image\" alt=\"\" style=\"\" srcset=\"https:\/\/www.diocesidinuoro.it\/percorsidigrazia\/wp-content\/uploads\/sites\/17\/2023\/10\/DSC_0384-1-scaled.jpg 2560w, https:\/\/www.diocesidinuoro.it\/percorsidigrazia\/wp-content\/uploads\/sites\/17\/2023\/10\/DSC_0384-1-300x200.jpg 300w, https:\/\/www.diocesidinuoro.it\/percorsidigrazia\/wp-content\/uploads\/sites\/17\/2023\/10\/DSC_0384-1-1024x683.jpg 1024w, https:\/\/www.diocesidinuoro.it\/percorsidigrazia\/wp-content\/uploads\/sites\/17\/2023\/10\/DSC_0384-1-768x512.jpg 768w, https:\/\/www.diocesidinuoro.it\/percorsidigrazia\/wp-content\/uploads\/sites\/17\/2023\/10\/DSC_0384-1-1536x1024.jpg 1536w, https:\/\/www.diocesidinuoro.it\/percorsidigrazia\/wp-content\/uploads\/sites\/17\/2023\/10\/DSC_0384-1-2048x1365.jpg 2048w, https:\/\/www.diocesidinuoro.it\/percorsidigrazia\/wp-content\/uploads\/sites\/17\/2023\/10\/DSC_0384-1-600x400.jpg 600w, https:\/\/www.diocesidinuoro.it\/percorsidigrazia\/wp-content\/uploads\/sites\/17\/2023\/10\/DSC_0384-1-1200x800.jpg 1200w, https:\/\/www.diocesidinuoro.it\/percorsidigrazia\/wp-content\/uploads\/sites\/17\/2023\/10\/DSC_0384-1-800x533.jpg 800w, https:\/\/www.diocesidinuoro.it\/percorsidigrazia\/wp-content\/uploads\/sites\/17\/2023\/10\/DSC_0384-1-272x182.jpg 272w\" sizes=\"(max-width: 2560px) 100vw, 2560px\" \/>\t\t<\/li>\n\t\t\t\t<li class=\"sow-slider-image\" style=\"visibility: hidden;\" >\n\t\t\t\t\t\t<img loading=\"lazy\" decoding=\"async\" width=\"2200\" height=\"1467\" src=\"https:\/\/www.diocesidinuoro.it\/percorsidigrazia\/wp-content\/uploads\/sites\/17\/2023\/09\/Percorso-deleddiano.jpg\" class=\"sow-slider-background-image\" alt=\"\" style=\"\" srcset=\"https:\/\/www.diocesidinuoro.it\/percorsidigrazia\/wp-content\/uploads\/sites\/17\/2023\/09\/Percorso-deleddiano.jpg 2200w, https:\/\/www.diocesidinuoro.it\/percorsidigrazia\/wp-content\/uploads\/sites\/17\/2023\/09\/Percorso-deleddiano-300x200.jpg 300w, https:\/\/www.diocesidinuoro.it\/percorsidigrazia\/wp-content\/uploads\/sites\/17\/2023\/09\/Percorso-deleddiano-1024x683.jpg 1024w, https:\/\/www.diocesidinuoro.it\/percorsidigrazia\/wp-content\/uploads\/sites\/17\/2023\/09\/Percorso-deleddiano-768x512.jpg 768w, https:\/\/www.diocesidinuoro.it\/percorsidigrazia\/wp-content\/uploads\/sites\/17\/2023\/09\/Percorso-deleddiano-1536x1024.jpg 1536w, https:\/\/www.diocesidinuoro.it\/percorsidigrazia\/wp-content\/uploads\/sites\/17\/2023\/09\/Percorso-deleddiano-2048x1366.jpg 2048w, https:\/\/www.diocesidinuoro.it\/percorsidigrazia\/wp-content\/uploads\/sites\/17\/2023\/09\/Percorso-deleddiano-600x400.jpg 600w, https:\/\/www.diocesidinuoro.it\/percorsidigrazia\/wp-content\/uploads\/sites\/17\/2023\/09\/Percorso-deleddiano-1200x800.jpg 1200w, https:\/\/www.diocesidinuoro.it\/percorsidigrazia\/wp-content\/uploads\/sites\/17\/2023\/09\/Percorso-deleddiano-800x533.jpg 800w, https:\/\/www.diocesidinuoro.it\/percorsidigrazia\/wp-content\/uploads\/sites\/17\/2023\/09\/Percorso-deleddiano-272x182.jpg 272w\" sizes=\"(max-width: 2200px) 100vw, 2200px\" \/>\t\t<\/li>\n\t\t<\/ul>\t\t\t\t<ol class=\"sow-slider-pagination\">\n\t\t\t\t\t\t\t\t\t\t\t<li><a href=\"#\" data-goto=\"0\" aria-label=\"display slide 1\"><\/a><\/li>\n\t\t\t\t\t\t\t\t\t\t\t<li><a href=\"#\" data-goto=\"1\" aria-label=\"display slide 2\"><\/a><\/li>\n\t\t\t\t\t\t\t\t\t\t\t<li><a href=\"#\" data-goto=\"2\" aria-label=\"display slide 3\"><\/a><\/li>\n\t\t\t\t\t\t\t\t\t<\/ol>\n\n\t\t\t\t<div class=\"sow-slide-nav sow-slide-nav-next\">\n\t\t\t\t\t<a href=\"#\" data-goto=\"next\" aria-label=\"next slide\" data-action=\"next\">\n\t\t\t\t\t\t<em class=\"sow-sld-icon-thin-right\"><\/em>\n\t\t\t\t\t<\/a>\n\t\t\t\t<\/div>\n\n\t\t\t\t<div class=\"sow-slide-nav sow-slide-nav-prev\">\n\t\t\t\t\t<a href=\"#\" data-goto=\"previous\" aria-label=\"previous slide\" data-action=\"prev\">\n\t\t\t\t\t\t<em class=\"sow-sld-icon-thin-left\"><\/em>\n\t\t\t\t\t<\/a>\n\t\t\t\t<\/div>\n\t\t\t\t<\/div><\/div><\/div><\/div><\/div><\/div><\/div><\/div>","protected":false},"excerpt":{"rendered":"<p>Galtell\u00ec Natura \u00a0 Galtell\u00ec, nascendo tra il Cedrino e il monte Tuttavista, offre una grande variet\u00e0 di habitat, dalla pianura al fiume, dalla campagna alla montagna. Questa variet\u00e0 di habitat ha permesso lo sviluppo di una ricca biodiversit\u00e0 di mammiferi e uccelli. Nella pianura, \u00e8 possibile trovare specie di fiume come la gallinella d&#8217;acqua, la folaga e il pollo sultano, che \u00e8 la specie pi\u00f9 &hellip; <a href=\"https:\/\/www.diocesidinuoro.it\/percorsidigrazia\/galtelli\/natura\/\" class=\"more-link\">Continua a leggere <span class=\"screen-reader-text\"><\/span> <span class=\"meta-nav\">&raquo;<\/span><\/a><\/p>\n","protected":false},"author":0,"featured_media":0,"parent":52,"menu_order":0,"comment_status":"closed","ping_status":"closed","template":"","meta":{"_acf_changed":false,"ip_address":"","user_agent":"","level":"","revision":"","cookie_id":"","page_referer":"","html_form":"","footnotes":""},"acf":[],"_links":{"self":[{"href":"https:\/\/www.diocesidinuoro.it\/percorsidigrazia\/wp-json\/wp\/v2\/pages\/110"}],"collection":[{"href":"https:\/\/www.diocesidinuoro.it\/percorsidigrazia\/wp-json\/wp\/v2\/pages"}],"about":[{"href":"https:\/\/www.diocesidinuoro.it\/percorsidigrazia\/wp-json\/wp\/v2\/types\/page"}],"author":[{"embeddable":true,"href":"https:\/\/www.diocesidinuoro.it\/percorsidigrazia\/wp-json\/wp\/v2\/users\/14"}],"replies":[{"embeddable":true,"href":"https:\/\/www.diocesidinuoro.it\/percorsidigrazia\/wp-json\/wp\/v2\/comments?post=110"}],"version-history":[{"count":4,"href":"https:\/\/www.diocesidinuoro.it\/percorsidigrazia\/wp-json\/wp\/v2\/pages\/110\/revisions"}],"predecessor-version":[{"id":1092,"href":"https:\/\/www.diocesidinuoro.it\/percorsidigrazia\/wp-json\/wp\/v2\/pages\/110\/revisions\/1092"}],"up":[{"embeddable":true,"href":"https:\/\/www.diocesidinuoro.it\/percorsidigrazia\/wp-json\/wp\/v2\/pages\/52"}],"wp:attachment":[{"href":"https:\/\/www.diocesidinuoro.it\/percorsidigrazia\/wp-json\/wp\/v2\/media?parent=110"}],"curies":[{"name":"wp","href":"https:\/\/api.w.org\/{rel}","templated":true}]}}