{"id":206,"date":"2023-10-06T10:31:28","date_gmt":"2023-10-06T08:31:28","guid":{"rendered":"https:\/\/www.diocesidinuoro.it\/percorsidigrazia\/?page_id=206"},"modified":"2023-11-23T10:22:36","modified_gmt":"2023-11-23T09:22:36","slug":"arte-e-artigianato","status":"publish","type":"page","link":"https:\/\/www.diocesidinuoro.it\/percorsidigrazia\/galtelli\/arte-e-artigianato\/","title":{"rendered":"Galtell\u00ec_Arte e artigianato"},"content":{"rendered":"<div id=\"pl-206\"  class=\"panel-layout\" ><div id=\"pg-206-0\"  class=\"panel-grid panel-has-style\" ><div class=\"row grid-x panel-row-style panel-row-style-for-206-0\" ><div id=\"pgc-206-0-0\"  class=\"panel-grid-cell cell columns small-12 medium-12\" ><div id=\"panel-206-0-0-0\" class=\"so-panel widget widget_sow-editor panel-first-child\" data-index=\"0\" ><div style=\";background-repeat:repeat;\" class=\"panel-widget-style panel-widget-style-for-206-0-0-0\" ><div\n\t\t\t\n\t\t\tclass=\"so-widget-sow-editor so-widget-sow-editor-base\"\n\t\t\t\n\t\t>\n<div class=\"siteorigin-widget-tinymce textwidget\">\n\t<h3><b>Galtell\u00ec<br \/>\n<\/b><b>Arte e artigianato<\/b><\/h3>\n<p>&nbsp;<\/p>\n<p><b>Gli Argenti<br \/>\n<\/b><span style=\"font-weight: 400\">In Sardegna, oltre alla manifattura ispanica, sono presenti anche quelle genovesi, romane, napoletane e siciliane, che hanno influenzato i gusti e arricchito il patrimonio artistico dell'isola.<br \/>\n<\/span><span style=\"font-weight: 400\">L'argento \u00e8 presente in Sardegna sin dall'antichit\u00e0, come testimoniano i ritrovamenti di Iglesias e Sulcis. <\/span><span style=\"font-weight: 400\">La <\/span><i><span style=\"font-weight: 400\">croce processionale di Galtell\u00ec<\/span><\/i><span style=\"font-weight: 400\">, come tante altre, rivela un'originalit\u00e0 e un'interpretazione dal sapore tutto locale, a partire da modelli precisi. Ci\u00f2 conferma quanto ricca sia stata la produzione orafa e argentiera in Sardegna. <\/span><span style=\"font-weight: 400\">Il calice d'argento e bronzo di Galtell\u00ec \u00e8 particolarmente ricco di decori, con motivi floreali tipici del Rinascimento, eseguiti a sbalzo e cesello.<br \/>\n<\/span><span style=\"font-weight: 400\">La pisside, invece, presenta una struttura semplice e lineare, morbidamente modellata nelle forme bombate ed eseguita con eleganza e sobriet\u00e0 classica, avvicinandosi alla corrente della classicit\u00e0 pura del XVI secolo. <\/span><span style=\"font-weight: 400\">Un secondo calice, sempre di bottega cagliaritana, \u00e8 molto pi\u00f9 semplice sia per decorazione che struttura. Pur avendo alcuni elementi in comune con il precedente, si ipotizza che sia opera di un altro artista. L'unico calice in oro tra gli arredi di Galtell\u00ec, datato 1617, \u00e8 certamente uno dei pezzi migliori. In esso emerge la virtuosit\u00e0 di un'elegante raffinatezza legata all'arte rinascimentale, ma preludio dell'arte barocca.<\/span><\/p>\n<p><b>I tessuti<br \/>\n<\/b><span style=\"font-weight: 400\">Le opere tessili di Galtell\u00ec, di particolare interesse, sono in totale 15 e includono:<br \/>\n<\/span><span style=\"font-weight: 400\">sette pianete, di cui due ricamate; due tonacelle; un piviale; un copri tabernacolo; un velo da calice; un paliotto; un fusciacco; uno stendardo ricamato.<br \/>\n<\/span><span style=\"font-weight: 400\">Nonostante la necessit\u00e0 di rispettare le regole della Santa Sede, anche le vesti sacre non erano immuni dalle mode del tempo.<br \/>\n<\/span><span style=\"font-weight: 400\">Il ricamo, inoltre, ha avuto un ruolo importante nella storia del tessile, e proprio i ricami ecclesiastici sono quelli che maggiormente testimoniano la ricchezza e la laboriosit\u00e0 con cui venivano eseguiti.<\/span><\/p>\n<p><b>Le sculture lignee<\/b><b><br \/>\n<\/b><span style=\"font-weight: 400\">La storiografia specializzata ha dedicato particolare attenzione alla scultura lignea, all'interno della produzione artistica in Sardegna. <\/span><span style=\"font-weight: 400\">La differenza sostanziale tra i manufatti scultorei in marmo, pietra o legno sta fondamentalmente nella loro destinazione e finalit\u00e0 d'uso. Le pietre e i marmi venivano impiegati per le sculture inserite nell'architettura, come apparato decorativo esterno o interno, oppure nei complessi sepolcrali. I legni, invece, erano utilizzati per l'esecuzione, la decorazione e la rappresentazione di immagini sacre, destinate a temporanea esposizione, pertanto facili da maneggiare e trasportare. <\/span><span style=\"font-weight: 400\">Nel paese di Galtell\u00ec la presenza di queste statue \u00e8 molto elevata, forse a conferma della grande religiosit\u00e0 del popolo. Le opere sopravvissute sono quelle delle epoche pi\u00f9 lontane, ed oltre che rare sono per la maggior parte di carattere sacro. <\/span><span style=\"font-weight: 400\">Le statue provengono dalla chiesa del SS. Crocifisso, San Pietro, S. Francesco, S. Giovanni e S. Caterina e dall'oratorio di S. Croce, comprendendo 47 elementi di diversa iconografia.<br \/>\n<\/span><span style=\"font-weight: 400\">L'analisi di queste opere non \u00e8 facile, dato che molte di esse sono gravemente danneggiate.<br \/>\n<\/span><span style=\"font-weight: 400\">L'elemento pi\u00f9 rappresentativo \u00e8 sicuramente il gruppo ligneo del Crocifisso con ai lati la Madonna e S. Giovanni Evangelista.<\/span><\/p>\n<p>&nbsp;<\/p>\n<p><b><i>Bibliografia<\/i><\/b><b><br \/>\n<\/b><span style=\"font-weight: 400\">Francesca Pirodda, <\/span><i><span style=\"font-weight: 400\">Tesori d\u2019arte a Galtell\u00ec<\/span><\/i><span style=\"font-weight: 400\">, Edizioni Solinas, Nuoro, 2000.<br \/>\n<\/span><span style=\"font-weight: 400\">Renato Brotzu, <\/span><i><span style=\"font-weight: 400\">Sardegna. 20 fotografi di riti e feste, <\/span><\/i><span style=\"font-weight: 400\">Carlo Delfino Editore, Sassari, 2021.<br \/>\n<\/span><span style=\"font-weight: 400\">Antonio Cambedda, <\/span><i><span style=\"font-weight: 400\">L\u2019architettura militare e religiosa a Galtell\u00ec dal Medioeco all\u2019Ottocento<\/span><\/i><span style=\"font-weight: 400\">, Edizioni Solinas, Nuoro, 1995.<br \/>\n<\/span><span style=\"font-weight: 400\">Gino Camboni, <\/span><i><span style=\"font-weight: 400\">Galtell\u00ec: natura, storia, arte cultura<\/span><\/i><span style=\"font-weight: 400\"> , Edizioni Solinas, Nuoro.<br \/>\n<\/span><span style=\"font-weight: 400\">Alberto Virdis, <\/span><i><span style=\"font-weight: 400\">Gli affreschi di Galtell\u00ec<\/span><\/i><span style=\"font-weight: 400\">. Iconografia, stile e committenza di un ciclo pittorico romanico in Sardegna, Condaghes, Cagliari, 2011.<\/span><\/p>\n<\/div>\n<\/div><\/div><\/div><div id=\"panel-206-0-0-1\" class=\"so-panel widget widget_media_image\" data-index=\"1\" ><div style=\";background-repeat:repeat;\" class=\"panel-widget-style panel-widget-style-for-206-0-0-1\" ><img loading=\"lazy\" decoding=\"async\" width=\"300\" height=\"45\" src=\"https:\/\/www.diocesidinuoro.it\/percorsidigrazia\/wp-content\/uploads\/sites\/17\/2023\/10\/Cattura-300x45.png\" class=\"image wp-image-65  attachment-medium size-medium\" alt=\"\" style=\"max-width: 100%; height: auto;\" srcset=\"https:\/\/www.diocesidinuoro.it\/percorsidigrazia\/wp-content\/uploads\/sites\/17\/2023\/10\/Cattura-300x45.png 300w, https:\/\/www.diocesidinuoro.it\/percorsidigrazia\/wp-content\/uploads\/sites\/17\/2023\/10\/Cattura-1024x153.png 1024w, https:\/\/www.diocesidinuoro.it\/percorsidigrazia\/wp-content\/uploads\/sites\/17\/2023\/10\/Cattura-768x115.png 768w, https:\/\/www.diocesidinuoro.it\/percorsidigrazia\/wp-content\/uploads\/sites\/17\/2023\/10\/Cattura-1536x230.png 1536w, https:\/\/www.diocesidinuoro.it\/percorsidigrazia\/wp-content\/uploads\/sites\/17\/2023\/10\/Cattura-600x90.png 600w, https:\/\/www.diocesidinuoro.it\/percorsidigrazia\/wp-content\/uploads\/sites\/17\/2023\/10\/Cattura-1200x180.png 1200w, https:\/\/www.diocesidinuoro.it\/percorsidigrazia\/wp-content\/uploads\/sites\/17\/2023\/10\/Cattura-800x120.png 800w, https:\/\/www.diocesidinuoro.it\/percorsidigrazia\/wp-content\/uploads\/sites\/17\/2023\/10\/Cattura.png 1825w\" sizes=\"(max-width: 300px) 100vw, 300px\" \/><\/div><\/div><div id=\"panel-206-0-0-2\" class=\"so-panel widget widget_sow-slider panel-last-child\" data-index=\"2\" ><div style=\";background-repeat:repeat;\" class=\"panel-widget-style panel-widget-style-for-206-0-0-2\" ><div\n\t\t\t\n\t\t\tclass=\"so-widget-sow-slider so-widget-sow-slider-default-6d39609536fd-206\"\n\t\t\t\n\t\t>\t\t\t\t<div class=\"sow-slider-base\" style=\"display: none\" tabindex=\"0\">\n\t\t\t\t\t<ul\n\t\t\t\t\tclass=\"sow-slider-images\"\n\t\t\t\t\tdata-settings=\"{&quot;pagination&quot;:true,&quot;speed&quot;:800,&quot;timeout&quot;:8000,&quot;paused&quot;:false,&quot;pause_on_hover&quot;:false,&quot;swipe&quot;:true,&quot;nav_always_show_desktop&quot;:&quot;&quot;,&quot;nav_always_show_mobile&quot;:&quot;&quot;,&quot;breakpoint&quot;:&quot;780px&quot;,&quot;unmute&quot;:false,&quot;anchor&quot;:null}\"\n\t\t\t\t\t\t\t\t\t\tdata-anchor-id=\"\"\n\t\t\t\t>\t\t<li class=\"sow-slider-image\" style=\"visibility: visible;\" >\n\t\t\t\t\t\t<img loading=\"lazy\" decoding=\"async\" width=\"2560\" height=\"1707\" src=\"https:\/\/www.diocesidinuoro.it\/percorsidigrazia\/wp-content\/uploads\/sites\/17\/2023\/10\/DSC_0048-scaled.jpg\" class=\"sow-slider-background-image\" alt=\"Percorsi di Grazia_Chiesa di San Pietro - Galtell\u00ec\" style=\"\" srcset=\"https:\/\/www.diocesidinuoro.it\/percorsidigrazia\/wp-content\/uploads\/sites\/17\/2023\/10\/DSC_0048-scaled.jpg 2560w, https:\/\/www.diocesidinuoro.it\/percorsidigrazia\/wp-content\/uploads\/sites\/17\/2023\/10\/DSC_0048-300x200.jpg 300w, https:\/\/www.diocesidinuoro.it\/percorsidigrazia\/wp-content\/uploads\/sites\/17\/2023\/10\/DSC_0048-1024x683.jpg 1024w, https:\/\/www.diocesidinuoro.it\/percorsidigrazia\/wp-content\/uploads\/sites\/17\/2023\/10\/DSC_0048-768x512.jpg 768w, https:\/\/www.diocesidinuoro.it\/percorsidigrazia\/wp-content\/uploads\/sites\/17\/2023\/10\/DSC_0048-1536x1024.jpg 1536w, https:\/\/www.diocesidinuoro.it\/percorsidigrazia\/wp-content\/uploads\/sites\/17\/2023\/10\/DSC_0048-2048x1365.jpg 2048w, https:\/\/www.diocesidinuoro.it\/percorsidigrazia\/wp-content\/uploads\/sites\/17\/2023\/10\/DSC_0048-600x400.jpg 600w, https:\/\/www.diocesidinuoro.it\/percorsidigrazia\/wp-content\/uploads\/sites\/17\/2023\/10\/DSC_0048-1200x800.jpg 1200w, https:\/\/www.diocesidinuoro.it\/percorsidigrazia\/wp-content\/uploads\/sites\/17\/2023\/10\/DSC_0048-800x533.jpg 800w, https:\/\/www.diocesidinuoro.it\/percorsidigrazia\/wp-content\/uploads\/sites\/17\/2023\/10\/DSC_0048-272x182.jpg 272w\" sizes=\"(max-width: 2560px) 100vw, 2560px\" \/>\t\t<\/li>\n\t\t\t\t<li class=\"sow-slider-image\" style=\"visibility: hidden;\" >\n\t\t\t\t\t\t<img loading=\"lazy\" decoding=\"async\" width=\"2560\" height=\"1707\" src=\"https:\/\/www.diocesidinuoro.it\/percorsidigrazia\/wp-content\/uploads\/sites\/17\/2023\/10\/DSC_0057-scaled.jpg\" class=\"sow-slider-background-image\" alt=\"Percorsi di Grazia_Chiesa di San Pietro - Galtell\u00ec\" style=\"\" srcset=\"https:\/\/www.diocesidinuoro.it\/percorsidigrazia\/wp-content\/uploads\/sites\/17\/2023\/10\/DSC_0057-scaled.jpg 2560w, https:\/\/www.diocesidinuoro.it\/percorsidigrazia\/wp-content\/uploads\/sites\/17\/2023\/10\/DSC_0057-300x200.jpg 300w, https:\/\/www.diocesidinuoro.it\/percorsidigrazia\/wp-content\/uploads\/sites\/17\/2023\/10\/DSC_0057-1024x683.jpg 1024w, https:\/\/www.diocesidinuoro.it\/percorsidigrazia\/wp-content\/uploads\/sites\/17\/2023\/10\/DSC_0057-768x512.jpg 768w, https:\/\/www.diocesidinuoro.it\/percorsidigrazia\/wp-content\/uploads\/sites\/17\/2023\/10\/DSC_0057-1536x1024.jpg 1536w, https:\/\/www.diocesidinuoro.it\/percorsidigrazia\/wp-content\/uploads\/sites\/17\/2023\/10\/DSC_0057-2048x1365.jpg 2048w, https:\/\/www.diocesidinuoro.it\/percorsidigrazia\/wp-content\/uploads\/sites\/17\/2023\/10\/DSC_0057-600x400.jpg 600w, https:\/\/www.diocesidinuoro.it\/percorsidigrazia\/wp-content\/uploads\/sites\/17\/2023\/10\/DSC_0057-1200x800.jpg 1200w, https:\/\/www.diocesidinuoro.it\/percorsidigrazia\/wp-content\/uploads\/sites\/17\/2023\/10\/DSC_0057-800x533.jpg 800w, https:\/\/www.diocesidinuoro.it\/percorsidigrazia\/wp-content\/uploads\/sites\/17\/2023\/10\/DSC_0057-272x182.jpg 272w\" sizes=\"(max-width: 2560px) 100vw, 2560px\" \/>\t\t<\/li>\n\t\t\t\t<li class=\"sow-slider-image\" style=\"visibility: hidden;\" >\n\t\t\t\t\t\t<img loading=\"lazy\" decoding=\"async\" width=\"2560\" height=\"1707\" src=\"https:\/\/www.diocesidinuoro.it\/percorsidigrazia\/wp-content\/uploads\/sites\/17\/2023\/10\/DSC_0049-scaled.jpg\" class=\"sow-slider-background-image\" alt=\"\" style=\"\" srcset=\"https:\/\/www.diocesidinuoro.it\/percorsidigrazia\/wp-content\/uploads\/sites\/17\/2023\/10\/DSC_0049-scaled.jpg 2560w, https:\/\/www.diocesidinuoro.it\/percorsidigrazia\/wp-content\/uploads\/sites\/17\/2023\/10\/DSC_0049-300x200.jpg 300w, https:\/\/www.diocesidinuoro.it\/percorsidigrazia\/wp-content\/uploads\/sites\/17\/2023\/10\/DSC_0049-1024x683.jpg 1024w, https:\/\/www.diocesidinuoro.it\/percorsidigrazia\/wp-content\/uploads\/sites\/17\/2023\/10\/DSC_0049-768x512.jpg 768w, https:\/\/www.diocesidinuoro.it\/percorsidigrazia\/wp-content\/uploads\/sites\/17\/2023\/10\/DSC_0049-1536x1024.jpg 1536w, https:\/\/www.diocesidinuoro.it\/percorsidigrazia\/wp-content\/uploads\/sites\/17\/2023\/10\/DSC_0049-2048x1365.jpg 2048w, https:\/\/www.diocesidinuoro.it\/percorsidigrazia\/wp-content\/uploads\/sites\/17\/2023\/10\/DSC_0049-600x400.jpg 600w, https:\/\/www.diocesidinuoro.it\/percorsidigrazia\/wp-content\/uploads\/sites\/17\/2023\/10\/DSC_0049-1200x800.jpg 1200w, https:\/\/www.diocesidinuoro.it\/percorsidigrazia\/wp-content\/uploads\/sites\/17\/2023\/10\/DSC_0049-800x533.jpg 800w, https:\/\/www.diocesidinuoro.it\/percorsidigrazia\/wp-content\/uploads\/sites\/17\/2023\/10\/DSC_0049-272x182.jpg 272w\" sizes=\"(max-width: 2560px) 100vw, 2560px\" \/>\t\t<\/li>\n\t\t\t\t<li class=\"sow-slider-image\" style=\"visibility: hidden;\" >\n\t\t\t\t\t\t<img loading=\"lazy\" decoding=\"async\" width=\"2560\" height=\"1707\" src=\"https:\/\/www.diocesidinuoro.it\/percorsidigrazia\/wp-content\/uploads\/sites\/17\/2023\/10\/DSC_0051-scaled.jpg\" class=\"sow-slider-background-image\" alt=\"\" style=\"\" srcset=\"https:\/\/www.diocesidinuoro.it\/percorsidigrazia\/wp-content\/uploads\/sites\/17\/2023\/10\/DSC_0051-scaled.jpg 2560w, https:\/\/www.diocesidinuoro.it\/percorsidigrazia\/wp-content\/uploads\/sites\/17\/2023\/10\/DSC_0051-300x200.jpg 300w, https:\/\/www.diocesidinuoro.it\/percorsidigrazia\/wp-content\/uploads\/sites\/17\/2023\/10\/DSC_0051-1024x683.jpg 1024w, https:\/\/www.diocesidinuoro.it\/percorsidigrazia\/wp-content\/uploads\/sites\/17\/2023\/10\/DSC_0051-768x512.jpg 768w, https:\/\/www.diocesidinuoro.it\/percorsidigrazia\/wp-content\/uploads\/sites\/17\/2023\/10\/DSC_0051-1536x1024.jpg 1536w, https:\/\/www.diocesidinuoro.it\/percorsidigrazia\/wp-content\/uploads\/sites\/17\/2023\/10\/DSC_0051-2048x1365.jpg 2048w, https:\/\/www.diocesidinuoro.it\/percorsidigrazia\/wp-content\/uploads\/sites\/17\/2023\/10\/DSC_0051-600x400.jpg 600w, https:\/\/www.diocesidinuoro.it\/percorsidigrazia\/wp-content\/uploads\/sites\/17\/2023\/10\/DSC_0051-1200x800.jpg 1200w, https:\/\/www.diocesidinuoro.it\/percorsidigrazia\/wp-content\/uploads\/sites\/17\/2023\/10\/DSC_0051-800x533.jpg 800w, https:\/\/www.diocesidinuoro.it\/percorsidigrazia\/wp-content\/uploads\/sites\/17\/2023\/10\/DSC_0051-272x182.jpg 272w\" sizes=\"(max-width: 2560px) 100vw, 2560px\" \/>\t\t<\/li>\n\t\t\t\t<li class=\"sow-slider-image\" style=\"visibility: hidden;\" >\n\t\t\t\t\t\t<img loading=\"lazy\" decoding=\"async\" width=\"2560\" height=\"1707\" src=\"https:\/\/www.diocesidinuoro.it\/percorsidigrazia\/wp-content\/uploads\/sites\/17\/2023\/10\/DSC_0052-scaled.jpg\" class=\"sow-slider-background-image\" alt=\"\" style=\"\" srcset=\"https:\/\/www.diocesidinuoro.it\/percorsidigrazia\/wp-content\/uploads\/sites\/17\/2023\/10\/DSC_0052-scaled.jpg 2560w, https:\/\/www.diocesidinuoro.it\/percorsidigrazia\/wp-content\/uploads\/sites\/17\/2023\/10\/DSC_0052-300x200.jpg 300w, https:\/\/www.diocesidinuoro.it\/percorsidigrazia\/wp-content\/uploads\/sites\/17\/2023\/10\/DSC_0052-1024x683.jpg 1024w, https:\/\/www.diocesidinuoro.it\/percorsidigrazia\/wp-content\/uploads\/sites\/17\/2023\/10\/DSC_0052-768x512.jpg 768w, https:\/\/www.diocesidinuoro.it\/percorsidigrazia\/wp-content\/uploads\/sites\/17\/2023\/10\/DSC_0052-1536x1024.jpg 1536w, https:\/\/www.diocesidinuoro.it\/percorsidigrazia\/wp-content\/uploads\/sites\/17\/2023\/10\/DSC_0052-2048x1365.jpg 2048w, https:\/\/www.diocesidinuoro.it\/percorsidigrazia\/wp-content\/uploads\/sites\/17\/2023\/10\/DSC_0052-600x400.jpg 600w, https:\/\/www.diocesidinuoro.it\/percorsidigrazia\/wp-content\/uploads\/sites\/17\/2023\/10\/DSC_0052-1200x800.jpg 1200w, https:\/\/www.diocesidinuoro.it\/percorsidigrazia\/wp-content\/uploads\/sites\/17\/2023\/10\/DSC_0052-800x533.jpg 800w, https:\/\/www.diocesidinuoro.it\/percorsidigrazia\/wp-content\/uploads\/sites\/17\/2023\/10\/DSC_0052-272x182.jpg 272w\" sizes=\"(max-width: 2560px) 100vw, 2560px\" \/>\t\t<\/li>\n\t\t<\/ul>\t\t\t\t<ol class=\"sow-slider-pagination\">\n\t\t\t\t\t\t\t\t\t\t\t<li><a href=\"#\" data-goto=\"0\" aria-label=\"display slide 1\"><\/a><\/li>\n\t\t\t\t\t\t\t\t\t\t\t<li><a href=\"#\" data-goto=\"1\" aria-label=\"display slide 2\"><\/a><\/li>\n\t\t\t\t\t\t\t\t\t\t\t<li><a href=\"#\" data-goto=\"2\" aria-label=\"display slide 3\"><\/a><\/li>\n\t\t\t\t\t\t\t\t\t\t\t<li><a href=\"#\" data-goto=\"3\" aria-label=\"display slide 4\"><\/a><\/li>\n\t\t\t\t\t\t\t\t\t\t\t<li><a href=\"#\" data-goto=\"4\" aria-label=\"display slide 5\"><\/a><\/li>\n\t\t\t\t\t\t\t\t\t<\/ol>\n\n\t\t\t\t<div class=\"sow-slide-nav sow-slide-nav-next\">\n\t\t\t\t\t<a href=\"#\" data-goto=\"next\" aria-label=\"next slide\" data-action=\"next\">\n\t\t\t\t\t\t<em class=\"sow-sld-icon-thin-right\"><\/em>\n\t\t\t\t\t<\/a>\n\t\t\t\t<\/div>\n\n\t\t\t\t<div class=\"sow-slide-nav sow-slide-nav-prev\">\n\t\t\t\t\t<a href=\"#\" data-goto=\"previous\" aria-label=\"previous slide\" data-action=\"prev\">\n\t\t\t\t\t\t<em class=\"sow-sld-icon-thin-left\"><\/em>\n\t\t\t\t\t<\/a>\n\t\t\t\t<\/div>\n\t\t\t\t<\/div><\/div><\/div><\/div><\/div><\/div><\/div><\/div>","protected":false},"excerpt":{"rendered":"<p>Galtell\u00ec Arte e artigianato &nbsp; Gli Argenti In Sardegna, oltre alla manifattura ispanica, sono presenti anche quelle genovesi, romane, napoletane e siciliane, che hanno influenzato i gusti e arricchito il patrimonio artistico dell&#8217;isola. L&#8217;argento \u00e8 presente in Sardegna sin dall&#8217;antichit\u00e0, come testimoniano i ritrovamenti di Iglesias e Sulcis. La croce processionale di Galtell\u00ec, come tante altre, rivela un&#8217;originalit\u00e0 e un&#8217;interpretazione dal sapore tutto locale, a &hellip; <a href=\"https:\/\/www.diocesidinuoro.it\/percorsidigrazia\/galtelli\/arte-e-artigianato\/\" class=\"more-link\">Continua a leggere <span class=\"screen-reader-text\"><\/span> <span class=\"meta-nav\">&raquo;<\/span><\/a><\/p>\n","protected":false},"author":0,"featured_media":0,"parent":52,"menu_order":0,"comment_status":"closed","ping_status":"closed","template":"","meta":{"_acf_changed":false,"ip_address":"","user_agent":"","level":"","revision":"","cookie_id":"","page_referer":"","html_form":"","footnotes":""},"acf":[],"_links":{"self":[{"href":"https:\/\/www.diocesidinuoro.it\/percorsidigrazia\/wp-json\/wp\/v2\/pages\/206"}],"collection":[{"href":"https:\/\/www.diocesidinuoro.it\/percorsidigrazia\/wp-json\/wp\/v2\/pages"}],"about":[{"href":"https:\/\/www.diocesidinuoro.it\/percorsidigrazia\/wp-json\/wp\/v2\/types\/page"}],"author":[{"embeddable":true,"href":"https:\/\/www.diocesidinuoro.it\/percorsidigrazia\/wp-json\/wp\/v2\/users\/14"}],"replies":[{"embeddable":true,"href":"https:\/\/www.diocesidinuoro.it\/percorsidigrazia\/wp-json\/wp\/v2\/comments?post=206"}],"version-history":[{"count":9,"href":"https:\/\/www.diocesidinuoro.it\/percorsidigrazia\/wp-json\/wp\/v2\/pages\/206\/revisions"}],"predecessor-version":[{"id":1093,"href":"https:\/\/www.diocesidinuoro.it\/percorsidigrazia\/wp-json\/wp\/v2\/pages\/206\/revisions\/1093"}],"up":[{"embeddable":true,"href":"https:\/\/www.diocesidinuoro.it\/percorsidigrazia\/wp-json\/wp\/v2\/pages\/52"}],"wp:attachment":[{"href":"https:\/\/www.diocesidinuoro.it\/percorsidigrazia\/wp-json\/wp\/v2\/media?parent=206"}],"curies":[{"name":"wp","href":"https:\/\/api.w.org\/{rel}","templated":true}]}}