{"id":989,"date":"2023-11-20T11:55:24","date_gmt":"2023-11-20T10:55:24","guid":{"rendered":"https:\/\/www.diocesidinuoro.it\/percorsidigrazia\/?page_id=989"},"modified":"2023-11-23T10:40:58","modified_gmt":"2023-11-23T09:40:58","slug":"piazza-sas-animas","status":"publish","type":"page","link":"https:\/\/www.diocesidinuoro.it\/percorsidigrazia\/orosei\/piazza-sas-animas\/","title":{"rendered":"PIAZZA SAS ANIMAS"},"content":{"rendered":"<div id=\"pl-989\"  class=\"panel-layout\" ><div id=\"pg-989-0\"  class=\"panel-grid panel-has-style\" ><div class=\"row grid-x panel-row-style panel-row-style-for-989-0\" ><div id=\"pgc-989-0-0\"  class=\"panel-grid-cell cell columns small-12 medium-12\" ><div id=\"panel-989-0-0-0\" class=\"so-panel widget widget_sow-headline panel-first-child\" data-index=\"0\" ><div style=\";background-repeat:repeat;\" class=\"panel-widget-style panel-widget-style-for-989-0-0-0\" ><div\n\t\t\t\n\t\t\tclass=\"so-widget-sow-headline so-widget-sow-headline-default-60b5411ac097-989\"\n\t\t\t\n\t\t><div class=\"sow-headline-container \">\n\t\t\t\t\t\t\t<h2 class=\"sow-headline\">\n\t\t\t\t\t\tPiazza Sas Animas\t\t\t\t\t\t<\/h2>\n\t\t\t\t\t\t\t\t\t\t\t<div class=\"decoration\">\n\t\t\t\t\t\t<div class=\"decoration-inside\"><\/div>\n\t\t\t\t\t<\/div>\n\t\t\t\t\t\t\t\t\t\t\t<h3 class=\"sow-sub-headline\">\n\t\t\t\t\t\tOrosei\t\t\t\t\t\t<\/h3>\n\t\t\t\t\t\t<\/div>\n<\/div><\/div><\/div><div id=\"panel-989-0-0-1\" class=\"so-panel widget widget_sow-image\" data-index=\"1\" ><div style=\";background-repeat:repeat;\" class=\"panel-widget-style panel-widget-style-for-989-0-0-1\" ><div\n\t\t\t\n\t\t\tclass=\"so-widget-sow-image so-widget-sow-image-default-8b5b6f678277-989\"\n\t\t\t\n\t\t>\n\n<div class=\"sow-image-container\">\n\t\t<img loading=\"lazy\" decoding=\"async\" src=\"https:\/\/www.diocesidinuoro.it\/percorsidigrazia\/wp-content\/uploads\/sites\/17\/2023\/10\/Cattura-150x150.png\" width=\"50\" height=\"100\" sizes=\"(max-width: 50px) 100vw, 50px\" alt=\"\" \t\tclass=\"so-widget-image\"\/>\n\t<\/div>\n\n<\/div><\/div><\/div><div id=\"panel-989-0-0-2\" class=\"so-panel widget widget_sow-slider panel-last-child\" data-index=\"2\" ><div style=\";background-repeat:repeat;\" class=\"panel-widget-style panel-widget-style-for-989-0-0-2\" ><div\n\t\t\t\n\t\t\tclass=\"so-widget-sow-slider so-widget-sow-slider-default-6d39609536fd-989\"\n\t\t\t\n\t\t>\t\t\t\t<div class=\"sow-slider-base\" style=\"display: none\" tabindex=\"0\">\n\t\t\t\t\t<ul\n\t\t\t\t\tclass=\"sow-slider-images\"\n\t\t\t\t\tdata-settings=\"{&quot;pagination&quot;:true,&quot;speed&quot;:800,&quot;timeout&quot;:8000,&quot;paused&quot;:false,&quot;pause_on_hover&quot;:false,&quot;swipe&quot;:true,&quot;nav_always_show_desktop&quot;:&quot;&quot;,&quot;nav_always_show_mobile&quot;:&quot;&quot;,&quot;breakpoint&quot;:&quot;780px&quot;,&quot;unmute&quot;:false,&quot;anchor&quot;:null}\"\n\t\t\t\t\t\t\t\t\t\tdata-anchor-id=\"\"\n\t\t\t\t>\t\t<li class=\"sow-slider-image\" style=\"visibility: visible;\" >\n\t\t\t\t\t\t<img loading=\"lazy\" decoding=\"async\" width=\"2560\" height=\"1707\" src=\"https:\/\/www.diocesidinuoro.it\/percorsidigrazia\/wp-content\/uploads\/sites\/17\/2023\/11\/Orosei_-_Chiesa_delle_Anime_01-scaled.jpg\" class=\"sow-slider-background-image\" alt=\"\" style=\"\" srcset=\"https:\/\/www.diocesidinuoro.it\/percorsidigrazia\/wp-content\/uploads\/sites\/17\/2023\/11\/Orosei_-_Chiesa_delle_Anime_01-scaled.jpg 2560w, https:\/\/www.diocesidinuoro.it\/percorsidigrazia\/wp-content\/uploads\/sites\/17\/2023\/11\/Orosei_-_Chiesa_delle_Anime_01-300x200.jpg 300w, https:\/\/www.diocesidinuoro.it\/percorsidigrazia\/wp-content\/uploads\/sites\/17\/2023\/11\/Orosei_-_Chiesa_delle_Anime_01-1024x683.jpg 1024w, https:\/\/www.diocesidinuoro.it\/percorsidigrazia\/wp-content\/uploads\/sites\/17\/2023\/11\/Orosei_-_Chiesa_delle_Anime_01-768x512.jpg 768w, https:\/\/www.diocesidinuoro.it\/percorsidigrazia\/wp-content\/uploads\/sites\/17\/2023\/11\/Orosei_-_Chiesa_delle_Anime_01-1536x1024.jpg 1536w, https:\/\/www.diocesidinuoro.it\/percorsidigrazia\/wp-content\/uploads\/sites\/17\/2023\/11\/Orosei_-_Chiesa_delle_Anime_01-2048x1365.jpg 2048w, https:\/\/www.diocesidinuoro.it\/percorsidigrazia\/wp-content\/uploads\/sites\/17\/2023\/11\/Orosei_-_Chiesa_delle_Anime_01-600x400.jpg 600w, https:\/\/www.diocesidinuoro.it\/percorsidigrazia\/wp-content\/uploads\/sites\/17\/2023\/11\/Orosei_-_Chiesa_delle_Anime_01-1200x800.jpg 1200w, https:\/\/www.diocesidinuoro.it\/percorsidigrazia\/wp-content\/uploads\/sites\/17\/2023\/11\/Orosei_-_Chiesa_delle_Anime_01-800x533.jpg 800w, https:\/\/www.diocesidinuoro.it\/percorsidigrazia\/wp-content\/uploads\/sites\/17\/2023\/11\/Orosei_-_Chiesa_delle_Anime_01-272x182.jpg 272w\" sizes=\"(max-width: 2560px) 100vw, 2560px\" \/>\t\t<\/li>\n\t\t<\/ul>\t\t\t\t<ol class=\"sow-slider-pagination\">\n\t\t\t\t\t\t\t\t\t\t\t<li><a href=\"#\" data-goto=\"0\" aria-label=\"display slide 1\"><\/a><\/li>\n\t\t\t\t\t\t\t\t\t<\/ol>\n\n\t\t\t\t<div class=\"sow-slide-nav sow-slide-nav-next\">\n\t\t\t\t\t<a href=\"#\" data-goto=\"next\" aria-label=\"next slide\" data-action=\"next\">\n\t\t\t\t\t\t<em class=\"sow-sld-icon-thin-right\"><\/em>\n\t\t\t\t\t<\/a>\n\t\t\t\t<\/div>\n\n\t\t\t\t<div class=\"sow-slide-nav sow-slide-nav-prev\">\n\t\t\t\t\t<a href=\"#\" data-goto=\"previous\" aria-label=\"previous slide\" data-action=\"prev\">\n\t\t\t\t\t\t<em class=\"sow-sld-icon-thin-left\"><\/em>\n\t\t\t\t\t<\/a>\n\t\t\t\t<\/div>\n\t\t\t\t<\/div><\/div><\/div><\/div><\/div><\/div><\/div><div id=\"pg-989-1\"  class=\"panel-grid panel-has-style\" ><div class=\"row grid-x panel-row-style panel-row-style-for-989-1\" ><div id=\"pgc-989-1-0\"  class=\"panel-grid-cell cell columns small-12 medium-12\" ><div id=\"panel-989-1-0-0\" class=\"so-panel widget widget_sow-image panel-first-child\" data-index=\"3\" ><div style=\";background-repeat:repeat;\" class=\"panel-widget-style panel-widget-style-for-989-1-0-0\" ><div\n\t\t\t\n\t\t\tclass=\"so-widget-sow-image so-widget-sow-image-default-8b5b6f678277-989\"\n\t\t\t\n\t\t>\n\n<div class=\"sow-image-container\">\n\t\t<img loading=\"lazy\" decoding=\"async\" src=\"https:\/\/www.diocesidinuoro.it\/percorsidigrazia\/wp-content\/uploads\/sites\/17\/2023\/10\/Cattura-150x150.png\" width=\"30\" height=\"100\" sizes=\"(max-width: 30px) 100vw, 30px\" alt=\"\" \t\tclass=\"so-widget-image\"\/>\n\t<\/div>\n\n<\/div><\/div><\/div><div id=\"panel-989-1-0-1\" class=\"so-panel widget widget_sow-image panel-last-child\" data-index=\"4\" ><div style=\";background-repeat:repeat;\" class=\"panel-widget-style panel-widget-style-for-989-1-0-1\" ><div\n\t\t\t\n\t\t\tclass=\"so-widget-sow-image so-widget-sow-image-default-8b5b6f678277-989\"\n\t\t\t\n\t\t>\n\n<div class=\"sow-image-container\">\n\t\t<img loading=\"lazy\" decoding=\"async\" src=\"https:\/\/www.diocesidinuoro.it\/percorsidigrazia\/wp-content\/uploads\/sites\/17\/2023\/10\/Cattura-150x150.png\" width=\"30\" height=\"100\" sizes=\"(max-width: 30px) 100vw, 30px\" alt=\"\" \t\tclass=\"so-widget-image\"\/>\n\t<\/div>\n\n<\/div><\/div><\/div><\/div><\/div><\/div><div id=\"pg-989-2\"  class=\"panel-grid panel-has-style\" ><div class=\"row grid-x panel-row-style panel-row-style-for-989-2\" ><div id=\"pgc-989-2-0\"  class=\"panel-grid-cell cell columns small-12 medium-12\" ><div id=\"panel-989-2-0-0\" class=\"so-panel widget widget_sow-editor panel-first-child panel-last-child\" data-index=\"5\" ><div style=\";background-repeat:repeat;\" class=\"panel-widget-style panel-widget-style-for-989-2-0-0\" ><div\n\t\t\t\n\t\t\tclass=\"so-widget-sow-editor so-widget-sow-editor-base\"\n\t\t\t\n\t\t>\n<div class=\"siteorigin-widget-tinymce textwidget\">\n\t<p><span style=\"font-weight: 400\">Il quartiere circostante Piazza <\/span><i><span style=\"font-weight: 400\">Sas Animas<\/span><\/i><span style=\"font-weight: 400\">, noto come <\/span><i><span style=\"font-weight: 400\">Palattos Vetzos<\/span><\/i><span style=\"font-weight: 400\">, \u00e8 uno dei pi\u00f9 antichi quartieri del paese. Si caratterizza per la maestosa struttura che un tempo fungeva da <\/span><i><span style=\"font-weight: 400\">Curia Regni<\/span><\/i><span style=\"font-weight: 400\"> durante l'epoca giudicale. Costruita nel XIV secolo su iniziativa dei Giudici di Gallura, la struttura aveva il compito di difendere le attivit\u00e0 portuali nella foce del Cedrino. Abbandonata la sua funzione originaria, la torre and\u00f2 in rovina, ma nei secoli successivi, nel XVIII e XIX secolo, la torre superstite divenne un carcere, guadagnandosi cos\u00ec il nome con cui \u00e8 nota oggi: <\/span><b><i>Prejone Vetza<\/i><\/b><b>.\u00a0<\/b><\/p>\n<p><span style=\"font-weight: 400\">A partire dal 1449, la baronia di Galtell\u00ec e la contrada di Orosei diventarono feudo di Don Salvatore Guiso, con il trasferimento della sede baronale da Galtell\u00ec a Orosei. Questo periodo vide un significativo sviluppo urbanistico, legato alla formazione di una piccola nobilt\u00e0 locale imparentata con la potente famiglia Guiso. Le residenze di questa nobilt\u00e0 trovarono posto in quest'area gi\u00e0 urbanizzata.<\/span><\/p>\n<p><span style=\"font-weight: 400\">Il 1549 fu segnato dall'invasione turca di Orosei, che port\u00f2 al saccheggio e quasi alla distruzione del villaggio. Iniziarono quindi i lavori di ricostruzione degli edifici rimasti e la costruzione di imponenti palazzi da parte delle famiglie pi\u00f9 facoltose, dove le preoccupazioni difensive avevano il sopravvento su quelle estetiche. Da questa esigenza di difesa deriv\u00f2 il nome del quartiere, <\/span><i><span style=\"font-weight: 400\">Palattos Vezzos<\/span><\/i><span style=\"font-weight: 400\">.<\/span><\/p>\n<p><span style=\"font-weight: 400\">Le dimore nobiliari di questa epoca si caratterizzano per una struttura massiccia e compatta che le isola dagli spazi pubblici, nascondendo la loro struttura all'esterno. Un esempio emblematico di questa architettura \u00e8 la ex residenza dei nobili Guiso, oggi sede del <\/span><b>Museo dei Teatrini,<\/b><span style=\"font-weight: 400\"> inaugurato nel 2000. Oltre a affascinanti teatrini del XVIII secolo provenienti da tutta Europa, il museo ospita una collezione di disegni di importanti pittori italiani del XX secolo, mobili in stile senese, libri antichi sulla Sardegna e una collezione di abiti di alta sartoria dal 1800 ad oggi.<\/span><\/p>\n<p><span style=\"font-weight: 400\">Un'altra costruzione di rilievo nel quartiere \u00e8 l'<\/span><b>Oratorio delle Anime<\/b><span style=\"font-weight: 400\">, edificato nel XVIII secolo. Pur essendo l'ultimo degli oratori costruiti, la sua posizione pi\u00f9 distante dalla parrocchia di San Giacomo non ne mina l'importanza. Tra gli elementi pi\u00f9 caratteristici spiccano un pulpito ligneo del XVIII secolo e diverse statue lignee risalenti al XVII e XVIII secolo<\/span><span style=\"font-weight: 400\">.<\/span><\/p>\n<p>&nbsp;<\/p>\n<p><span style=\"font-weight: 400\">Bibliografia<\/span><\/p>\n<p><span style=\"font-weight: 400\">Michele Carta, Alma Casula, Alfredo Ingegno, Il centro storico di Orosei : storia, urbanistica, architettura e opere d'arte, Viterbo, Betagamma, 2001.<\/span><\/p>\n<\/div>\n<\/div><\/div><\/div><\/div><\/div><\/div><div id=\"pg-989-3\"  class=\"panel-grid panel-has-style\" ><div class=\"row grid-x panel-row-style panel-row-style-for-989-3\" ><div id=\"pgc-989-3-0\"  class=\"panel-grid-cell cell columns small-12 medium-12\" ><div id=\"panel-989-3-0-0\" class=\"so-panel widget widget_sow-image panel-first-child\" data-index=\"6\" ><div style=\";background-repeat:repeat;\" class=\"panel-widget-style panel-widget-style-for-989-3-0-0\" ><div\n\t\t\t\n\t\t\tclass=\"so-widget-sow-image so-widget-sow-image-default-8b5b6f678277-989\"\n\t\t\t\n\t\t>\n\n<div class=\"sow-image-container\">\n\t\t<img loading=\"lazy\" decoding=\"async\" src=\"https:\/\/www.diocesidinuoro.it\/percorsidigrazia\/wp-content\/uploads\/sites\/17\/2023\/10\/Cattura-150x150.png\" width=\"30\" height=\"100\" sizes=\"(max-width: 30px) 100vw, 30px\" alt=\"\" \t\tclass=\"so-widget-image\"\/>\n\t<\/div>\n\n<\/div><\/div><\/div><div id=\"panel-989-3-0-1\" class=\"so-panel widget widget_sow-image panel-last-child\" data-index=\"7\" ><div style=\";background-repeat:repeat;\" class=\"panel-widget-style panel-widget-style-for-989-3-0-1\" ><div\n\t\t\t\n\t\t\tclass=\"so-widget-sow-image so-widget-sow-image-default-8b5b6f678277-989\"\n\t\t\t\n\t\t>\n\n<div class=\"sow-image-container\">\n\t\t<img loading=\"lazy\" decoding=\"async\" src=\"https:\/\/www.diocesidinuoro.it\/percorsidigrazia\/wp-content\/uploads\/sites\/17\/2023\/10\/Cattura-150x150.png\" width=\"30\" height=\"100\" sizes=\"(max-width: 30px) 100vw, 30px\" alt=\"\" \t\tclass=\"so-widget-image\"\/>\n\t<\/div>\n\n<\/div><\/div><\/div><\/div><\/div><\/div><\/div>","protected":false},"excerpt":{"rendered":"<p>Piazza Sas Animas Orosei Il quartiere circostante Piazza Sas Animas, noto come Palattos Vetzos, \u00e8 uno dei pi\u00f9 antichi quartieri del paese. Si caratterizza per la maestosa struttura che un tempo fungeva da Curia Regni durante l&#8217;epoca giudicale. Costruita nel XIV secolo su iniziativa dei Giudici di Gallura, la struttura aveva il compito di difendere le attivit\u00e0 portuali nella foce del Cedrino. Abbandonata la sua &hellip; <a href=\"https:\/\/www.diocesidinuoro.it\/percorsidigrazia\/orosei\/piazza-sas-animas\/\" class=\"more-link\">Continua a leggere <span class=\"screen-reader-text\"><\/span> <span class=\"meta-nav\">&raquo;<\/span><\/a><\/p>\n","protected":false},"author":0,"featured_media":0,"parent":966,"menu_order":0,"comment_status":"closed","ping_status":"closed","template":"","meta":{"_acf_changed":false,"ip_address":"","user_agent":"","level":"","revision":"","cookie_id":"","page_referer":"","html_form":"","footnotes":""},"acf":[],"_links":{"self":[{"href":"https:\/\/www.diocesidinuoro.it\/percorsidigrazia\/wp-json\/wp\/v2\/pages\/989"}],"collection":[{"href":"https:\/\/www.diocesidinuoro.it\/percorsidigrazia\/wp-json\/wp\/v2\/pages"}],"about":[{"href":"https:\/\/www.diocesidinuoro.it\/percorsidigrazia\/wp-json\/wp\/v2\/types\/page"}],"author":[{"embeddable":true,"href":"https:\/\/www.diocesidinuoro.it\/percorsidigrazia\/wp-json\/wp\/v2\/users\/14"}],"replies":[{"embeddable":true,"href":"https:\/\/www.diocesidinuoro.it\/percorsidigrazia\/wp-json\/wp\/v2\/comments?post=989"}],"version-history":[{"count":3,"href":"https:\/\/www.diocesidinuoro.it\/percorsidigrazia\/wp-json\/wp\/v2\/pages\/989\/revisions"}],"predecessor-version":[{"id":992,"href":"https:\/\/www.diocesidinuoro.it\/percorsidigrazia\/wp-json\/wp\/v2\/pages\/989\/revisions\/992"}],"up":[{"embeddable":true,"href":"https:\/\/www.diocesidinuoro.it\/percorsidigrazia\/wp-json\/wp\/v2\/pages\/966"}],"wp:attachment":[{"href":"https:\/\/www.diocesidinuoro.it\/percorsidigrazia\/wp-json\/wp\/v2\/media?parent=989"}],"curies":[{"name":"wp","href":"https:\/\/api.w.org\/{rel}","templated":true}]}}